s of 48.
2, 3
What are the prime factors of 1692?
2, 3, 47
List the prime factors of 983.
983
What are the prime factors of 57460?
2, 5, 13, 17
List the prime factors of 13120.
2, 5, 41
What are the prime factors of 5532?
2, 3, 461
What are the prime factors of 19330?
2, 5, 1933
What are the prime factors of 35722?
2, 53, 337
What are the prime factors of 2998?
2, 1499
List the prime factors of 2564.
2, 641
What are the prime factors of 596?
2, 149
List the prime factors of 4452.
2, 3, 7, 53
List the prime factors of 6650.
2, 5, 7, 19
List the prime factors of 21082.
2, 83, 127
List the prime factors of 2071.
19, 109
List the prime factors of 2898.
2, 3, 7, 23
What are the prime factors of 1714?
2, 857
List the prime factors of 78701.
7, 11243
List the prime factors of 2706.
2, 3, 11, 41
What are the prime factors of 3921?
3, 1307
List the prime factors of 321.
3, 107
What are the prime factors of 2985?
3, 5, 199
What are the prime factors of 12532?
2, 13, 241
List the prime factors of 6140.
2, 5, 307
What are the prime factors of 219?
3, 73
List the prime factors of 2261.
7, 17, 19
List the prime factors of 39858.
2, 3, 7, 13, 73
List the prime factors of 937.
937
List the prime factors of 4464.
2, 3, 31
List the prime factors of 9113.
13, 701
List the prime factors of 523.
523
What are the prime factors of 1347?
3, 449
List the prime factors of 3.
3
What are the prime factors of 391?
17, 23
What are the prime factors of 81?
3
List the prime factors of 2133.
3, 79
What are the prime factors of 57558?
2, 3, 53, 181
List the prime factors of 868.
2, 7, 31
What are the prime factors of 21594?
2, 3, 59, 61
List the prime factors of 49103.
49103
What are the prime factors of 6131?
6131
List the prime factors of 465.
3, 5, 31
What are the prime factors of 91065?
3, 5, 13, 467
List the prime factors of 11649.
3, 11, 353
List the prime factors of 137903.
239, 577
List the prime factors of 29314.
2, 14657
List the prime factors of 10319.
17, 607
List the prime factors of 11736.
2, 3, 163
List the prime factors of 91924.
2, 7, 67
List the prime factors of 1206.
2, 3, 67
What are the prime factors of 12956?
2, 41, 79
List the prime factors of 2387.
7, 11, 31
List the prime factors of 10626.
2, 3, 7, 11, 23
What are the prime factors of 105?
3, 5, 7
List the prime factors of 47587.
23, 2069
List the prime factors of 220.
2, 5, 11
What are the prime factors of 327?
3, 109
List the prime factors of 547.
547
List the prime factors of 43130.
2, 5, 19, 227
List the prime factors of 4534.
2, 2267
List the prime factors of 38880.
2, 3, 5
What are the prime factors of 382?
2, 191
List the prime factors of 70551.
3, 13, 67
List the prime factors of 16980.
2, 3, 5, 283
What are the prime factors of 114457?
7, 83, 197
What are the prime factors of 965?
5, 193
List the prime factors of 13813.
19, 727
What are the prime factors of 30945?
3, 5, 2063
List the prime factors of 10043.
11, 83
List the prime factors of 831.
3, 277
What are the prime factors of 103?
103
What are the prime factors of 234?
2, 3, 13
List the prime factors of 69685.
5, 7, 11, 181
List the prime factors of 3699.
3, 137
List the prime factors of 1308.
2, 3, 109
List the prime factors of 10440.
2, 3, 5, 29
List the prime factors of 8733.
3, 41, 71
What are the prime factors of 66565?
5, 13313
What are the prime factors of 50211?
3, 7, 797
What are the prime factors of 5693?
5693
What are the prime factors of 1264?
2, 79
What are the prime factors of 2146?
2, 29, 37
List the prime factors of 3274.
2, 1637
List the prime factors of 17565.
3, 5, 1171
What are the prime factors of 45748?
2, 11437
What are the prime factors of 1647?
3, 61
List the prime factors of 974.
2, 487
What are the prime factors of 490?
2, 5, 7
List the prime factors of 18002.
2, 9001
List the prime factors of 4969.
4969
List the prime factors of 346.
2, 173
List the prime factors of 35221.
35221
What are the prime factors of 6628?
2, 1657
List the prime factors of 10899.
3, 7, 173
What are the prime factors of 11552?
2, 19
List the prime factors of 9591.
3, 23, 139
What are the prime factors of 103324?
2, 13, 1987
What are the prime factors of 2082?
2, 3, 347
List the prime factors of 189.
3, 7
List the prime factors of 1280.
2, 5
List the prime factors of 440.
2, 5, 11
List the prime factors of 29410.
2, 5, 17, 173
What are the prime factors of 20282?
2, 10141
What are the prime factors of 1636?
2, 409
List the prime factors of 465.
3, 5, 31
What are the prime factors of 20557?
61, 337
List the prime factors of 9753.
3, 3251
What are the prime factors of 14?
2, 7
What are the prime factors of 798?
2, 3, 7, 19
List the prime factors of 26738.
2, 29, 461
List the prime factors of 99635.
5, 19927
What are the prime factors of 416?
2, 13
What are the prime factors of 876?
2, 3, 73
List the prime factors of 37057.
37057
What are the prime factors of 14554?
2, 19, 383
What are the prime factors of 3334?
2, 1667
List the prime factors of 4163.
23, 181
What are the prime factors of 3258?
2, 3, 181
What are the prime factors of 5890?
2, 5, 19, 31
What are the prime factors of 120247?
120247
List the prime factors of 27684.
2, 3, 769
What are the prime factors of 421?
421
What are the prime factors of 3443?
11, 313
What are the prime factors of 134185?
5, 47, 571
What are the prime factors of 674?
2, 337
What are the prime factors of 153441?
3, 5683
List the prime factors of 11514.
2, 3, 19, 101
What are the prime factors of 4416?
2, 3, 23
What are the prime factors of 121?
11
List the prime factors of 1346.
2, 673
What are the prime factors of 14210?
2, 5, 7, 29
List the prime factors of 119879.
313, 383
List the prime factors of 3015.
3, 5, 67
What are the prime factors of 11271?
3, 13, 17
List the prime factors of 976.
2, 61
What are the prime factors of 107276?
2, 13, 2063
List the prime factors of 73790.
2, 5, 47, 157
List the prime factors of 127578.
2, 3, 11, 1933
List the prime factors of 5861.
5861
What are the prime factors of 38?
2, 19
What are the prime factors of 1577?
19, 83
List the prime factors of 1317.
3, 439
What are the prime factors of 22302?
2, 3, 7, 59
What are the prime factors of 21477?
3, 7159
What are the prime factors of 3906?
2, 3, 7, 31
List the prime factors of 5082.
2, 3, 7, 11
What are the prime factors of 1317?
3, 439
List the prime factors of 4923.
3, 547
What are the prime factors of 2787?
3, 929
What are the prime factors of 143993?
311, 463
List the prime factors of 90.
2, 3, 5
What are the prime factors of 2616?
2, 3, 109
What are the prime factors of 2655?
3, 5, 59
What are the prime factors of 3083?
3083
What are the prime factors of 21184?
2, 331
What are the prime factors of 44318?
2, 22159
What are the prime factors of 23557?
23557
List the prime factors of 6778.
2, 3389
List the prime factors of 70.
2, 5, 7
List the prime factors of 594.
2, 3, 11
What are the prime factors of 1402?
2, 701
List the prime factors of 40015.
5, 53, 151
List the prime factors of 6268.
2, 1567
What are the prime factors of 35318?
2, 17659
What are the prime factors of 141?
3, 47
What are the prime factors of 2346?
2, 3, 17, 23
What are the prime factors of 741?
3, 13, 19
What are the prime factors of 2056?
2, 257
What are the prime factors of 22556?
2, 5639
What are the prime factors of 59830?
2, 5, 31, 193
List the prime factors of 11890.
2, 5, 29, 41
What are the prime factors of 116141?
116141
List the prime factors of 1106.
2, 7, 79
List the prime factors of 56.
2, 7
List the prime factors of 725.
5, 29
What are the prime factors of 5823?
3, 647
List the prime factors of 134675.
5, 5387
What are the prime factors of 239?
239
List the prime factors of 969.
3, 17, 19
What are the prime factors of 8509?
67, 127
What are the prime factors of 41533?
41, 1013
What are the prime factors of 1763?
41, 43
What are the prime factors of 84678?
2, 3, 11, 1283
What are the prime factors of 6327?
3, 19, 37
What are the prime factors of 21063?
3, 7, 17, 59
List the prime factors of 1029.
3, 7
List the prime factors of 18611.
37, 503
What are the prime factors of 625?
5
List the prime factors of 55354.
2, 13, 2129
What are the prime factors of 17762?
2, 83, 107
What are the prime factors of 5754?
2, 3, 7, 137
List the prim